st common divisor of o and q.
11
Suppose 41 = -5*k + 16. Let f be (-3)/(-5) + (-12)/k. Calculate the greatest common factor of 24 and f.
3
Let a(k) = k**3 + 21*k**2 + 18*k - 17. Let t be a(-20). What is the greatest common factor of 1403 and t?
23
Let u(p) = 6*p**2 - 2*p - 1. Let k be u(2). Let m = 45 + -65. Let a be (18 + m)*(-58 + (-1)/(-1)). What is the greatest common factor of a and k?
19
Let n(o) = 5*o**2 - 7*o - 16. Let c be n(-2). Suppose -6*b + 18 + c = 0. Calculate the greatest common factor of b and 162.
6
Let z = 31 - 26. Let y(j) = 29*j + 5. Let q be y(z). Calculate the greatest common divisor of q and 15.
15
Let d(i) = i**3 - 43*i**2 + 86*i - 101. Let s be d(41). Calculate the greatest common divisor of 18 and s.
9
Let m = -75 + 236. Suppose -5*n = 100 + 100. Let z be (-936)/n + 4/(-10). What is the greatest common divisor of m and z?
23
Let a(l) = -l**3 - 19*l**2 - 19*l - 16. Let n = 12 + -30. Let g be a(n). Suppose g*w = -b, b = -4*b + 4*w + 70. What is the highest common divisor of b and 5?
5
Let c be (-9844)/(-14) - -1 - (-2)/(-14). Calculate the highest common divisor of 264 and c.
88
Suppose -52 = -4*h - j - 3*j, 4*j = 5*h - 110. Suppose h*f = 19*f. Suppose 2*z + 1 - 29 = f. Calculate the greatest common divisor of z and 21.
7
Suppose 4*q + 46 - 50 = 0. Suppose 31 = -9*b + 58. Calculate the highest common factor of b and q.
1
Let l(c) = c - 8. Let g be l(4). Let j be 2/g + 262/4. Suppose -28 = -t - 5*o, 0 = -t - 3*t + o + 49. What is the highest common factor of t and j?
13
Suppose -5*n - 4*b - 19 = 0, -3*n - 9 - 2 = 2*b. Let w(r) = -121*r - 3. Let g be w(n). What is the greatest common divisor of 45 and g?
45
Let i(q) be the second derivative of -8*q**3/3 + 24*q**2 + 12*q. Let l be i(-8). Calculate the greatest common divisor of l and 16.
16
Let i(y) = -16*y + 19*y - 14*y + 49 + 17. Let b be i(-13). Calculate the highest common divisor of 19 and b.
19
Let a = -99 - -159. Calculate the greatest common divisor of a and 100.
20
Let o be 50/6 + (-1)/3. Suppose -5*l = 4*y + 25, l + 2 = -3*y - 3. Suppose y = -11*h + 7*h + 64. Calculate the greatest common divisor of o and h.
8
Suppose -6*i + 389 = 95. Calculate the greatest common divisor of 539 and i.
49
Suppose -461 = -36*j + 1447. Calculate the greatest common factor of j and 4717.
53
Let o = 281 + -210. Calculate the highest common factor of o and 71.
71
Suppose 7*n = -68 + 187. Let u = -144 + 263. What is the highest common divisor of n and u?
17
Suppose -6*c = -164 - 100. Suppose 121 + 55 = 2*i. Calculate the greatest common factor of i and c.
44
Let q = -508 + 660. Suppose 4*r - 15 - 61 = 0. Calculate the greatest common divisor of q and r.
19
Let u(t) = -t + 16. Let m be u(2). Calculate the greatest common factor of m and 616.
14
Let o(z) = 551*z**3 + z**2 - 2. Let p be o(1). Suppose -2*n + 7*n - p = 0. Calculate the highest common divisor of 11 and n.
11
Let k be 4*(-3)/36 + 86/6. Let b(c) = c**2 + 8*c + 2. Let i be b(-8). Calculate the highest common factor of i and k.
2
Let m be -9*(166/(-6) - (-34)/(-51)). What is the greatest common factor of 15 and m?
15
Suppose -1672 - 368 = -6*w. Calculate the greatest common factor of w and 425.
85
Let m = 3 - 7. Let g be 1/(((-12)/(-16))/((-6)/m)). What is the greatest common divisor of 3 and g?
1
Let i(q) = q**2 - 10*q - 69. Let v be i(19). What is the greatest common factor of v and 6?
6
Let b be (0 - 2)/(5/((-15)/2)). Let p(g) = g**3 - 3*g**2 + g + 4. Let v be p(b). Calculate the highest common divisor of v and 35.
7
Suppose -147*l - 156 = -4*x - 149*l, -3*x + 102 = 4*l. Let j(s) = s**2 + 2*s - 7. Let a be j(5). What is the highest common divisor of x and a?
14
Suppose 0*g = g - 18. Let q = -6 + 37. Let n = 58 - q. What is the highest common factor of g and n?
9
Let i = -58 + 62. Suppose 2*k + 3*v = 2*v + 60, 0 = i*k - 2*v - 120. What is the highest common divisor of k and 60?
30
Let u = 1666 + -1659. Calculate the greatest common divisor of 371 and u.
7
Let b be 12/(-9) + (-1)/(-3)*34. What is the highest common factor of 30 and b?
10
Let s(v) = 10*v**2 - 3*v - 7. Let m be s(3). Calculate the highest common divisor of 37 and m.
37
Let d(w) = w**2 + 3*w + 12. Let m be d(9). Let a = -242 + 290. What is the greatest common factor of m and a?
24
Suppose -40*j + 4704 = 9*j. Calculate the greatest common divisor of j and 480.
96
Suppose -4*f + 2*a = -679 - 225, 2*a = -4*f + 920. What is the greatest common factor of f and 84?
12
Let h(f) = f**3 + 6*f**2 - 9*f - 6. Let k be h(-6). Suppose 13*g = 6*g + 84. What is the greatest common factor of g and k?
12
Suppose -b - 64 = -5*b. Let n = 21 - 2. Let i = n - 11. What is the greatest common factor of i and b?
8
Suppose -3*o = 5*u - 7, -o + 3 = -2*u - 3. Suppose c - o = -0*c. What is the highest common divisor of c and 16?
4
Suppose g - 6 = -1. Suppose -2*f + 6 = 0, -s + g*f - 2 = 17. Let w be (-10 + s)/((-4)/6). Calculate the greatest common factor of 7 and w.
7
Suppose 2*y = -4*h - 104, h + 215 = -3*y - 2*y. Let r = y - -59. Suppose r = 2*j - 1. Calculate the highest common divisor of 6 and j.
3
Let a(x) = -3*x + 37. Let v be a(-3). Calculate the greatest common factor of 230 and v.
46
Let k = -109 - -114. What is the highest common factor of 185 and k?
5
Suppose g + m = 1156, -g = 34*m - 35*m - 1158. Calculate the highest common factor of g and 13.
13
Suppose 5*t = 4*s + 12 + 8, 4 = t - 5*s. Suppose 0*r + 4200 = t*r. Let b be 4/(-26) - r/(-65). Calculate the highest common divisor of 32 and b.
16
Suppose 0 = 7*p - 2521 + 316. What is the greatest common divisor of 693 and p?
63
Suppose -3*j - 510 = -3*u, -2*j + 686 = 6*u - 2*u. Let q = 286 + -267. Calculate the highest common factor of q and u.
19
Let t = 0 + 17. Let p = t + -12. Suppose 28 - 123 = -p*i. Calculate the highest common divisor of i and 95.
19
Let w(m) = m**3 + 5*m**2 - 8*m - 5. Let d be w(-6). Suppose d*f - 88 = 3*f. Calculate the highest common divisor of f and 242.
22
Let a = 131 - -49. Suppose 0 = -4*i + s + a, i + 5*s = -3*i + 156. Let z = i - 30. What is the greatest common divisor of z and 126?
14
Let m be (8 - 12) + 282*3. Suppose 3*v - 6*v - 2*t + 649 = 0, 2*t = 4*v - m. Suppose -13 + v = 5*q. What is the highest common factor of 16 and q?
8
Suppose 0 = -2*n + 24 - 18. Let s be (-5 + (5 - -5))*n*1. Let i = 5 - -55. What is the highest common factor of i and s?
15
Suppose 5*g - 6 = -11, 2*u - 3*g = 15. Let k be u/4*(0 + 16/3). What is the highest common factor of k and 8?
8
Suppose 0 = -2*t + 3*t - 28. Let j be 26 + (-15 + 5)*1/2. Calculate the highest common divisor of t and j.
7
Let o = -190 + 202. Calculate the greatest common factor of o and 24.
12
Let y = -619 + 1518. Calculate the highest common factor of 31 and y.
31
Let w = -36 - -38. Let r = 276 + -168. Suppose -3*v + 73 = 4*t, -2*v - r = -4*t + 2*v. What is the greatest common factor of t and w?
2
Suppose 4*j + 0*j - 68 = 0. Suppose 0 = -2*s + 39 + j. What is the greatest common factor of 4 and s?
4
Let x(k) = k**2 - 23*k + 61. Let h be x(20). Let v = 5 + -3. Calculate the greatest common factor of v and h.
1
Let k be 10915/59 + (2 + -1)*(-6)/6. Suppose -5*w + 41 = 2*l, 4*l + 3*w - 62 = 27. What is the greatest common factor of k and l?
23
Suppose 20*o - 3780 = 5*o. Calculate the highest common factor of 315 and o.
63
Let o = -243 - -284. What is the highest common factor of o and 656?
41
Suppose -3*r + 8787 = -2*i - 583, -12494 = -4*r + 2*i. What is the greatest common divisor of 44 and r?
44
Let v(w) be the second derivative of -16*w**3/3 + w. Let m be v(-3). Calculate the greatest common divisor of 12 and m.
12
Let k = -187 - -196. What is the greatest common factor of 36 and k?
9
Let j be (-2 - 64)/(-1)*6/4. Calculate the greatest common divisor of j and 11.
11
Suppose 67*o - 54*o - 78 = 0. What is the highest common factor of o and 69?
3
Let c = 93 - 53. Suppose -3*j = -8*j + c. What is the greatest common divisor of j and 32?
8
Let z = 29 - 5. Let o be (-4)/(-6) + 2360/z. Suppose 4*b - 3 = 33. What is the highest common factor of b and o?
9
Let l be (-4)/(-1 - (-6)/4). Let y = l - -16. Calculate the highest common factor of 1 and y.
1
Suppose 3*w + 15 = -2*x, -6 = 5*x + 4*w - 7*w. Let b(o) = -5*o - 2. Let d be b(x). What is the highest commo